 is divided by 25.
22
Calculate the remainder when 4450 is divided by 73.
70
What is the remainder when 151 is divided by 31?
27
Calculate the remainder when 284 is divided by 127.
30
What is the remainder when 55 is divided by 35?
20
What is the remainder when 617 is divided by 606?
11
What is the remainder when 1123 is divided by 125?
123
What is the remainder when 95 is divided by 7?
4
Calculate the remainder when 453 is divided by 21.
12
Calculate the remainder when 182 is divided by 94.
88
Calculate the remainder when 202 is divided by 100.
2
What is the remainder when 330 is divided by 4?
2
What is the remainder when 183 is divided by 61?
0
What is the remainder when 307 is divided by 39?
34
Calculate the remainder when 232 is divided by 110.
12
Calculate the remainder when 215 is divided by 24.
23
What is the remainder when 97 is divided by 58?
39
What is the remainder when 5824 is divided by 2909?
6
Calculate the remainder when 453 is divided by 16.
5
Calculate the remainder when 178 is divided by 50.
28
What is the remainder when 1720 is divided by 223?
159
Calculate the remainder when 1532 is divided by 12.
8
What is the remainder when 101 is divided by 29?
14
What is the remainder when 1848 is divided by 142?
2
What is the remainder when 226 is divided by 83?
60
Calculate the remainder when 194 is divided by 3.
2
What is the remainder when 17 is divided by 6?
5
What is the remainder when 1015 is divided by 325?
40
What is the remainder when 1088 is divided by 183?
173
What is the remainder when 78 is divided by 24?
6
Calculate the remainder when 322 is divided by 6.
4
Calculate the remainder when 139 is divided by 44.
7
What is the remainder when 1211 is divided by 89?
54
What is the remainder when 174 is divided by 25?
24
What is the remainder when 1394 is divided by 115?
14
What is the remainder when 6888 is divided by 3443?
2
What is the remainder when 315 is divided by 46?
39
Calculate the remainder when 8441 is divided by 126.
125
What is the remainder when 255 is divided by 43?
40
Calculate the remainder when 120 is divided by 75.
45
Calculate the remainder when 238 is divided by 107.
24
What is the remainder when 5230 is divided by 39?
4
Calculate the remainder when 1304 is divided by 11.
6
What is the remainder when 52811 is divided by 15?
11
What is the remainder when 1021 is divided by 290?
151
Calculate the remainder when 28597 is divided by 40.
37
What is the remainder when 113 is divided by 58?
55
What is the remainder when 303 is divided by 62?
55
Calculate the remainder when 359 is divided by 14.
9
Calculate the remainder when 480 is divided by 234.
12
What is the remainder when 121 is divided by 12?
1
Calculate the remainder when 1483 is divided by 252.
223
Calculate the remainder when 2574 is divided by 56.
54
Calculate the remainder when 251 is divided by 125.
1
Calculate the remainder when 2799 is divided by 42.
27
What is the remainder when 768 is divided by 5?
3
Calculate the remainder when 223 is divided by 107.
9
What is the remainder when 47878 is divided by 30?
28
What is the remainder when 2358 is divided by 8?
6
Calculate the remainder when 164 is divided by 35.
24
What is the remainder when 14092 is divided by 54?
52
What is the remainder when 786 is divided by 18?
12
Calculate the remainder when 274 is divided by 197.
77
What is the remainder when 484 is divided by 108?
52
What is the remainder when 211 is divided by 107?
104
Calculate the remainder when 1124 is divided by 60.
44
Calculate the remainder when 1000 is divided by 95.
50
What is the remainder when 993 is divided by 232?
65
Calculate the remainder when 4854 is divided by 180.
174
What is the remainder when 1345 is divided by 222?
13
Calculate the remainder when 3421 is divided by 855.
1
Calculate the remainder when 2105 is divided by 62.
59
Calculate the remainder when 329 is divided by 43.
28
Calculate the remainder when 7389 is divided by 168.
165
Calculate the remainder when 2232 is divided by 160.
152
What is the remainder when 511 is divided by 267?
244
Calculate the remainder when 203 is divided by 17.
16
Calculate the remainder when 9359 is divided by 20.
19
Calculate the remainder when 2529 is divided by 65.
59
What is the remainder when 88 is divided by 22?
0
What is the remainder when 227 is divided by 220?
7
Calculate the remainder when 249 is divided by 9.
6
Calculate the remainder when 2364 is divided by 11.
10
What is the remainder when 226 is divided by 46?
42
What is the remainder when 321 is divided by 42?
27
Calculate the remainder when 84 is divided by 29.
26
Calculate the remainder when 175 is divided by 27.
13
What is the remainder when 223 is divided by 32?
31
What is the remainder when 186 is divided by 58?
12
What is the remainder when 138 is divided by 34?
2
What is the remainder when 358 is divided by 60?
58
What is the remainder when 384 is divided by 66?
54
What is the remainder when 3728 is divided by 93?
8
What is the remainder when 271 is divided by 87?
10
What is the remainder when 8009 is divided by 20?
9
Calculate the remainder when 137 is divided by 23.
22
Calculate the remainder when 885 is divided by 135.
75
Calculate the remainder when 2356 is divided by 21.
4
Calculate the remainder when 347 is divided by 8.
3
What is the remainder when 359 is divided by 45?
44
What is the remainder when 351 is divided by 82?
23
Calculate the remainder when 29 is divided by 17.
12
What is the remainder when 2156 is divided by 65?
11
Calculate the remainder when 97 is divided by 13.
6
Calculate the remainder when 704 is divided by 174.
8
What is the remainder when 131 is divided by 43?
2
What is the remainder when 946 is divided by 144?
82
Calculate the remainder when 40 is divided by 7.
5
What is the remainder when 138 is divided by 16?
10
Calculate the remainder when 118 is divided by 16.
6
What is the remainder when 1769 is divided by 15?
14
What is the remainder when 318 is divided by 23?
19
Calculate the remainder when 207 is divided by 11.
9
Calculate the remainder when 775 is divided by 97.
96
What is the remainder when 12154 is divided by 193?
188
Calculate the remainder when 936 is divided by 37.
11
What is the remainder when 243 is divided by 49?
47
Calculate the remainder when 222 is divided by 38.
32
Calculate the remainder when 737 is divided by 82.
81
Calculate the remainder when 2945 is divided by 490.
5
Calculate the remainder when 115 is divided by 13.
11
Calculate the remainder when 1036 is divided by 20.
16
What is the remainder when 312 is divided by 154?
4
Calculate the remainder when 51 is divided by 35.
16
Calculate the remainder when 642 is divided by 31.
22
Calculate the remainder when 118 is divided by 24.
22
Calculate the remainder when 1165 is divided by 60.
25
What is the remainder when 446 is divided by 90?
86
What is the remainder when 184 is divided by 64?
56
What is the remainder when 48 is divided by 10?
8
What is the remainder when 864 is divided by 210?
24
Calculate the remainder when 193 is divided by 97.
96
What is the remainder when 7422 is divided by 135?
132
Calculate the remainder when 38923 is divided by 25.
23
Calculate the remainder when 347 is divided by 35.
32
Calculate the remainder when 13 is divided by 4.
1
What is the remainder when 52 is divided by 8?
4
Calculate the remainder when 644 is divided by 54.
50
Calculate the remainder when 1615 is divided by 101.
100
Calculate the remainder when 180 is divided by 34.
10
What is the remainder when 159 is divided by 74?
11
What is the remainder when 2341 is divided by 67?
63
What is the remainder when 210 is divided by 199?
11
What is the remainder when 1058 is divided by 175?
8
What is the remainder when 1019 is divided by 38?
31
Calculate the remainder when 138 is divided by 44.
6
Calculate the remainder when 1733 is divided by 281.
47
Calculate the remainder when 621 is divided by 26.
23
Calculate the remainder when 13528 is divided by 110.
108
Calculate the remainder when 178 is divided by 20.
18
Calculate the remainder when 887 is divided by 37.
36
What is the remainder when 687 is divided by 30?
27
Calculate the remainder when 13 is divided by 5.
3
Calculate the remainder when 216 is divided by 68.
12
What is the rem